{"id":2,"date":"2021-10-04T10:56:41","date_gmt":"2021-10-04T10:56:41","guid":{"rendered":"https:\/\/festinspiration.se\/?page_id=2"},"modified":"2022-04-29T08:45:52","modified_gmt":"2022-04-29T08:45:52","slug":"festinspiration","status":"publish","type":"page","link":"https:\/\/festinspiration.se\/","title":{"rendered":"Festinspiration"},"content":{"rendered":"\n<h2 class=\"wp-block-heading\" id=\"bakgrund-och-historia-om-fest\">Bakgrund och historia om fest<\/h2>\n\n\n\n<p>Okej, vi ska inte vara l\u00e5ngrandiga f\u00f6r du \u00e4r f\u00f6rmodligen inte superintresserad av att l\u00e4sa om hur man festar f\u00f6rr i tiden. Men l\u00e5t oss dr\u00f6ja en liten stund vid detta. F\u00f6r behovet att festa har alltid funnits och vi ser det l\u00e5ng tillbaka i tiden. Redan dom gamla vikingarna hade stora fester av olika slag och berusade sig med drycker. Faktum \u00e4r att m\u00e4nniskan alltid verkar ha haft ett behov av att sl\u00e4ppa loss. Att f\u00e5 berusa sig och sl\u00e4ppa vardagens bestyr \u00e4r helt enkelt en del av livet \u00e4ven om man sj\u00e4lvklart inte beh\u00f6ver ta till <a href=\"https:\/\/www.iq.se\/tips-och-stod\/ditt-eget-drickande\/\" target=\"_blank\" rel=\"noreferrer noopener\">alkohol <\/a>f\u00f6r det. S\u00e5 sk\u00e4ms inte \u00f6ver att ha en fest, du och dom bjudna beh\u00f6ver det!<\/p>\n\n\n\n<h2 class=\"wp-block-heading\" id=\"vad-gor-man-pa-en-fest\">Vad g\u00f6r man p\u00e5 en fest?<\/h2>\n\n\n\n<p>Det beror ju s\u00e5klart helt p\u00e5 vad det \u00e4r f\u00f6r typ av fest. \u00c4r det n\u00e5gon som fyller \u00e5r ja d\u00e5 blir det ju en f\u00f6delsedagsfest. \u00c4r det ett barn s\u00e5 kallar vi det f\u00f6r barnkalas. Kanske ska den som fyller \u00e5r \u00f6verraskas med en \u00f6verraskningsfest, ja d\u00e5 blir det ju ni v\u00e4nner och bekanta som planerar festen. Fester kan ocks\u00e5 firas kring alla dom h\u00f6gtider som finns. Vi g\u00e5r igenom dessa h\u00f6gtider lite l\u00e4ngre ner.<\/p>\n\n\n\n<h2 class=\"wp-block-heading\" id=\"hogtidsfester-i-sverige\">H\u00f6gtidsfester i Sverige<\/h2>\n\n\n\n<figure class=\"wp-block-image size-full\"><img width=\"300\" height=\"188\" loading=\"-\" decoding=\"async\" src=\"https:\/\/festinspiration.se\/wp-content\/uploads\/2021\/10\/sverigefest.png\" alt=\"Sverigefest\" class=\"wp-image-15\"\/><\/figure>\n\n\n\n<p>Det finns ett antal dagar p\u00e5 \u00e5ret d\u00e4r traditionen s\u00e4ger att nu \u00e4r det fest. Dom vanligaste och klassiska festhelgerna \u00e4r midsommar, kr\u00e4ftskiva, oktoberfest, julbord och ny\u00e5rsfest. Sen finns det ju n\u00e5gra h\u00f6gtider till som kan vara l\u00e4mpliga att fira kring en fest. Vi t\u00e4nker att vi listar dom vanligaste h\u00f6gtidsfesterna nedan, h\u00e4ng med:<\/p>\n\n\n\n<ul class=\"wp-block-list\"><li>Midsommarafton<\/li><li>Kr\u00e4ftskiva<\/li><li>Oktoberfest<\/li><li><a href=\"http:\/\/halloweendekoration.se\">Halloweenfest<\/a><\/li><li>Julfest<\/li><li>Ny\u00e5rsafton<\/li><\/ul>\n\n\n\n<h2 class=\"wp-block-heading\" id=\"event-fester\">Event fester<\/h2>\n\n\n\n<p>Med detta menar vi fester som inte kommer l\u00f6pande varje \u00e5r utan som bara sker n\u00e5gon g\u00e5ng ibland. Det kan tex vara att man vill anordna en fotbollsfest n\u00e4r VM \u00e4r. Eller att man vill fira studenten med en studentfest. Vi listar h\u00e4r dom vanligaste typerna av fester i denna kategori:<\/p>\n\n\n\n<ul class=\"wp-block-list\"><li>Fotbollsfest<\/li><li>Studentexamen<\/li><li>Br\u00f6llopsfest<\/li><li><a href=\"http:\/\/m\u00f6hippan.se\">M\u00f6hippa&nbsp;<\/a><\/li><li>Svensexa<\/li><li>Pridefest<\/li><li>Schlagerfest<\/li><\/ul>\n\n\n\n<h2 class=\"wp-block-heading\" id=\"hemmafest\">Hemmafest<\/h2>\n\n\n\n<figure class=\"wp-block-image size-full is-resized\"><img loading=\"-\" decoding=\"async\" src=\"https:\/\/festinspiration.se\/wp-content\/uploads\/2021\/10\/festinspiration-party.jpg\" alt=\"Fest inspiration\" class=\"wp-image-10\" width=\"400\" height=\"300\" srcset=\"https:\/\/festinspiration.se\/wp-content\/uploads\/2021\/10\/festinspiration-party.jpg 800w, https:\/\/festinspiration.se\/wp-content\/uploads\/2021\/10\/festinspiration-party-300x225.jpg 300w, https:\/\/festinspiration.se\/wp-content\/uploads\/2021\/10\/festinspiration-party-768x576.jpg 768w\" sizes=\"(max-width: 400px) 100vw, 400px\" \/><\/figure>\n\n\n\n<p>Att anordna en egen fest i hemmet \u00e4r f\u00f6rmodligen det vanligaste s\u00e4ttet. M\u00e5nga bjuder hem till f\u00f6delsedagen och barnkalaset hemma. Bor man dessutom stort eller i ett hus kan man bjuda fler g\u00e4ster. Bor man d\u00e4remot mindre s\u00e5 g\u00e5r det ju fint att ha festen p\u00e5 lokal. F\u00f6r barnkalaset finns det ofta speciella verksamheter som specialiserar sig p\u00e5 just barnkalas. \u00c4r ni ett kompisg\u00e4ng s\u00e5 kan man ju alltid b\u00f6rja kv\u00e4llen p\u00e5 restaurang f\u00f6r att sedan h\u00e5lla resterande del av festen hemma.<\/p>\n\n\n\n<h2 class=\"wp-block-heading\" id=\"efterfest\">Efterfest<\/h2>\n\n\n\n<p>Efterfesten \u00e4r en klassiker, s\u00e4rskilt om du \u00e4r i den \u00e5ldern att krogen lockar p\u00e5 helgerna. Det fina med efterfesten \u00e4r att den ofta \u00e4r spontan och d\u00e4rf\u00f6r beh\u00f6vs ju ingen planering. Men f\u00f6r den som ofta r\u00e5kar bjuda hem folk till hemmafest kan det vara klokt att fylla p\u00e5 skafferiet. Se till att det finns s\u00e4ngplatser f\u00f6r n\u00e5gra av g\u00e4sterna kanske stannar \u00f6ver natten.<\/p>\n\n\n\n<h2 class=\"wp-block-heading\" id=\"fodelsedagsfest\">F\u00f6delsedagsfest<\/h2>\n\n\n\n<p>Ett klassiskt f\u00f6delsedagsfirande inneh\u00e5ller ballonger, pynt, mat och dryck och en och annan aktivitet. Lite beroende p\u00e5 \u00e5lder och vad det \u00e4r f\u00f6r typ av fest s\u00e5 finns det lite olika v\u00e4gar att g\u00e5. F\u00f6r den som fyller j\u00e4mt och tex ska anordna en <a href=\"http:\/\/30\u00e5rsfest.se\">30 \u00e5rs fest<\/a> s\u00e5 beh\u00f6ver man ta i lite extra. Eller kanske \u00e4r det s\u00e5 att kompisarna \u00f6verraskar ist\u00e4llet? Se till att ladda upp med massa dekoration och planera firandet i god tid, allt m\u00e5ste fungera smidigt f\u00f6r att festen ska bli s\u00e5 bra som m\u00f6jligt!<\/p>\n\n\n\n<h2 class=\"wp-block-heading\" id=\"barnkalas\">Barnkalas<\/h2>\n\n\n\n<p>F\u00f6r dom yngre barnen blir det ju en annan typ av fest, ett barnkalas. Ett barnkalas \u00e4r ju n\u00e5got helt annat \u00e4n en 30-\u00e5rsfest och h\u00e4r \u00e4r det ju f\u00f6r\u00e4ldrarna som beh\u00f6ver sk\u00f6ta planeringen.<\/p>\n\n\n\n<h2 class=\"wp-block-heading\" id=\"festdekoration\">Festdekoration<\/h2>\n\n\n\n<p>N\u00e4r man bjuder in till fest d\u00e5 \u00e4r dekorationen en v\u00e4ldigt viktig del. Det m\u00e5ste se ut som ett party! Det g\u00f6r du genom att pynta upp ordentligt med ballonger, girlanger och allt som h\u00f6r till. Se till att ta i ordentligt, du kan inte ha f\u00f6r mycket (tycker vi). I m\u00e5nga fall kan du s\u00e4kert spara dekorationen till n\u00e4sta fest s\u00e5 k\u00f6p p\u00e5 dig ordentligt. Lite beroende p\u00e5 vilket tema du har p\u00e5 din fest s\u00e5 finns det ocks\u00e5 olika typer av dekorationer. F\u00f6r ny\u00e5rsfesten s\u00e5 beh\u00f6ver du <strong>ny\u00e5rsdekoration<\/strong>. F\u00f6r studentfesten beh\u00f6ver du <a href=\"https:\/\/studentdekoration.se\/\">studentdekoration<\/a> osv. N\u00e5got som beh\u00f6vs till n\u00e4stan alla fester \u00e4r i alla fall ballonger, s\u00e5 se till att det alltid finns hemma! Kolla g\u00e4rna in v\u00e5r systemsida <a href=\"http:\/\/partywebben.se\">Partywebben<\/a>!<\/p>\n\n\n\n<h2 class=\"wp-block-heading\" id=\"underhallare-till-fest\">Underh\u00e5llare till fest <\/h2>\n\n\n\n<p>Det finns en uppsj\u00f6 av underh\u00e5llare som riktar in sig p\u00e5 att g\u00f6ra festen minnesv\u00e4rd, man kan t.ex boka en trollkarl som f\u00f6rvirrar och sk\u00e4mtar med publiken, eller en trubadur som spelar p\u00e5 festen. Vill du l\u00e4sa mer eller kontakta artister och underh\u00e5llare till en fest s\u00e5 rekommenderar vi <a href=\"https:\/\/kryddafesten.se\/\" target=\"_blank\" rel=\"noreferrer noopener\">kryddafesten.se<\/a>.<\/p>\n","protected":false},"excerpt":{"rendered":"<p>Bakgrund och historia om fest Okej, vi ska inte vara l\u00e5ngrandiga f\u00f6r du \u00e4r f\u00f6rmodligen inte superintresserad av att l\u00e4sa om hur man festar f\u00f6rr i tiden. Men l\u00e5t oss dr\u00f6ja en liten stund vid detta. F\u00f6r behovet att festa har alltid funnits och vi ser det l\u00e5ng tillbaka i tiden. Redan dom gamla vikingarna [&hellip;]<\/p>\n","protected":false},"author":1,"featured_media":0,"parent":0,"menu_order":0,"comment_status":"closed","ping_status":"open","template":"","meta":{"footnotes":""},"class_list":["post-2","page","type-page","status-publish","hentry"],"yoast_head":"<!-- This site is optimized with the Yoast SEO plugin v27.3 - https:\/\/yoast.com\/product\/yoast-seo-wordpress\/ -->\n<title>Festinspiration - Festinspiration<\/title>\n<meta name=\"description\" content=\"All inspiration du beh\u00f6ver f\u00f6r fest: Hemmafest, efterfest, f\u00f6delsedagsfest och alla andra typer av festliga tillf\u00e4llen och h\u00f6gtider!\" \/>\n<meta name=\"robots\" content=\"index, follow, max-snippet:-1, max-image-preview:large, max-video-preview:-1\" \/>\n<link rel=\"canonical\" href=\"https:\/\/festinspiration.se\/\" \/>\n<meta property=\"og:locale\" content=\"sv_SE\" \/>\n<meta property=\"og:type\" content=\"article\" \/>\n<meta property=\"og:title\" content=\"Festinspiration - Festinspiration\" \/>\n<meta property=\"og:description\" content=\"All inspiration du beh\u00f6ver f\u00f6r fest: Hemmafest, efterfest, f\u00f6delsedagsfest och alla andra typer av festliga tillf\u00e4llen och h\u00f6gtider!\" \/>\n<meta property=\"og:url\" content=\"https:\/\/festinspiration.se\/\" \/>\n<meta property=\"og:site_name\" content=\"Festinspiration\" \/>\n<meta property=\"article:modified_time\" content=\"2022-04-29T08:45:52+00:00\" \/>\n<meta property=\"og:image\" content=\"https:\/\/festinspiration.se\/wp-content\/uploads\/2021\/10\/sverigefest.png\" \/>\n<meta name=\"twitter:card\" content=\"summary_large_image\" \/>\n<meta name=\"twitter:label1\" content=\"Ber\u00e4knad l\u00e4stid\" \/>\n\t<meta name=\"twitter:data1\" content=\"5 minuter\" \/>\n<script type=\"application\/ld+json\" class=\"yoast-schema-graph\">{\"@context\":\"https:\\\/\\\/schema.org\",\"@graph\":[{\"@type\":\"WebPage\",\"@id\":\"https:\\\/\\\/festinspiration.se\\\/\",\"url\":\"https:\\\/\\\/festinspiration.se\\\/\",\"name\":\"Festinspiration - Festinspiration\",\"isPartOf\":{\"@id\":\"https:\\\/\\\/festinspiration.se\\\/#website\"},\"primaryImageOfPage\":{\"@id\":\"https:\\\/\\\/festinspiration.se\\\/#primaryimage\"},\"image\":{\"@id\":\"https:\\\/\\\/festinspiration.se\\\/#primaryimage\"},\"thumbnailUrl\":\"https:\\\/\\\/festinspiration.se\\\/wp-content\\\/uploads\\\/2021\\\/10\\\/sverigefest.png\",\"datePublished\":\"2021-10-04T10:56:41+00:00\",\"dateModified\":\"2022-04-29T08:45:52+00:00\",\"description\":\"All inspiration du beh\u00f6ver f\u00f6r fest: Hemmafest, efterfest, f\u00f6delsedagsfest och alla andra typer av festliga tillf\u00e4llen och h\u00f6gtider!\",\"breadcrumb\":{\"@id\":\"https:\\\/\\\/festinspiration.se\\\/#breadcrumb\"},\"inLanguage\":\"sv-SE\",\"potentialAction\":[{\"@type\":\"ReadAction\",\"target\":[\"https:\\\/\\\/festinspiration.se\\\/\"]}]},{\"@type\":\"ImageObject\",\"inLanguage\":\"sv-SE\",\"@id\":\"https:\\\/\\\/festinspiration.se\\\/#primaryimage\",\"url\":\"https:\\\/\\\/festinspiration.se\\\/wp-content\\\/uploads\\\/2021\\\/10\\\/sverigefest.png\",\"contentUrl\":\"https:\\\/\\\/festinspiration.se\\\/wp-content\\\/uploads\\\/2021\\\/10\\\/sverigefest.png\",\"width\":300,\"height\":188},{\"@type\":\"BreadcrumbList\",\"@id\":\"https:\\\/\\\/festinspiration.se\\\/#breadcrumb\",\"itemListElement\":[{\"@type\":\"ListItem\",\"position\":1,\"name\":\"Hem\",\"item\":\"https:\\\/\\\/festinspiration.se\\\/\"},{\"@type\":\"ListItem\",\"position\":2,\"name\":\"Festinspiration\"}]},{\"@type\":\"WebSite\",\"@id\":\"https:\\\/\\\/festinspiration.se\\\/#website\",\"url\":\"https:\\\/\\\/festinspiration.se\\\/\",\"name\":\"Festinspiration\",\"description\":\"Just another WordPress site\",\"potentialAction\":[{\"@type\":\"SearchAction\",\"target\":{\"@type\":\"EntryPoint\",\"urlTemplate\":\"https:\\\/\\\/festinspiration.se\\\/?s={search_term_string}\"},\"query-input\":{\"@type\":\"PropertyValueSpecification\",\"valueRequired\":true,\"valueName\":\"search_term_string\"}}],\"inLanguage\":\"sv-SE\"}]}<\/script>\n<!-- \/ Yoast SEO plugin. -->","yoast_head_json":{"title":"Festinspiration - Festinspiration","description":"All inspiration du beh\u00f6ver f\u00f6r fest: Hemmafest, efterfest, f\u00f6delsedagsfest och alla andra typer av festliga tillf\u00e4llen och h\u00f6gtider!","robots":{"index":"index","follow":"follow","max-snippet":"max-snippet:-1","max-image-preview":"max-image-preview:large","max-video-preview":"max-video-preview:-1"},"canonical":"https:\/\/festinspiration.se\/","og_locale":"sv_SE","og_type":"article","og_title":"Festinspiration - Festinspiration","og_description":"All inspiration du beh\u00f6ver f\u00f6r fest: Hemmafest, efterfest, f\u00f6delsedagsfest och alla andra typer av festliga tillf\u00e4llen och h\u00f6gtider!","og_url":"https:\/\/festinspiration.se\/","og_site_name":"Festinspiration","article_modified_time":"2022-04-29T08:45:52+00:00","og_image":[{"url":"https:\/\/festinspiration.se\/wp-content\/uploads\/2021\/10\/sverigefest.png","type":"","width":"","height":""}],"twitter_card":"summary_large_image","twitter_misc":{"Ber\u00e4knad l\u00e4stid":"5 minuter"},"schema":{"@context":"https:\/\/schema.org","@graph":[{"@type":"WebPage","@id":"https:\/\/festinspiration.se\/","url":"https:\/\/festinspiration.se\/","name":"Festinspiration - Festinspiration","isPartOf":{"@id":"https:\/\/festinspiration.se\/#website"},"primaryImageOfPage":{"@id":"https:\/\/festinspiration.se\/#primaryimage"},"image":{"@id":"https:\/\/festinspiration.se\/#primaryimage"},"thumbnailUrl":"https:\/\/festinspiration.se\/wp-content\/uploads\/2021\/10\/sverigefest.png","datePublished":"2021-10-04T10:56:41+00:00","dateModified":"2022-04-29T08:45:52+00:00","description":"All inspiration du beh\u00f6ver f\u00f6r fest: Hemmafest, efterfest, f\u00f6delsedagsfest och alla andra typer av festliga tillf\u00e4llen och h\u00f6gtider!","breadcrumb":{"@id":"https:\/\/festinspiration.se\/#breadcrumb"},"inLanguage":"sv-SE","potentialAction":[{"@type":"ReadAction","target":["https:\/\/festinspiration.se\/"]}]},{"@type":"ImageObject","inLanguage":"sv-SE","@id":"https:\/\/festinspiration.se\/#primaryimage","url":"https:\/\/festinspiration.se\/wp-content\/uploads\/2021\/10\/sverigefest.png","contentUrl":"https:\/\/festinspiration.se\/wp-content\/uploads\/2021\/10\/sverigefest.png","width":300,"height":188},{"@type":"BreadcrumbList","@id":"https:\/\/festinspiration.se\/#breadcrumb","itemListElement":[{"@type":"ListItem","position":1,"name":"Hem","item":"https:\/\/festinspiration.se\/"},{"@type":"ListItem","position":2,"name":"Festinspiration"}]},{"@type":"WebSite","@id":"https:\/\/festinspiration.se\/#website","url":"https:\/\/festinspiration.se\/","name":"Festinspiration","description":"Just another WordPress site","potentialAction":[{"@type":"SearchAction","target":{"@type":"EntryPoint","urlTemplate":"https:\/\/festinspiration.se\/?s={search_term_string}"},"query-input":{"@type":"PropertyValueSpecification","valueRequired":true,"valueName":"search_term_string"}}],"inLanguage":"sv-SE"}]}},"_links":{"self":[{"href":"https:\/\/festinspiration.se\/index.php\/wp-json\/wp\/v2\/pages\/2","targetHints":{"allow":["GET"]}}],"collection":[{"href":"https:\/\/festinspiration.se\/index.php\/wp-json\/wp\/v2\/pages"}],"about":[{"href":"https:\/\/festinspiration.se\/index.php\/wp-json\/wp\/v2\/types\/page"}],"author":[{"embeddable":true,"href":"https:\/\/festinspiration.se\/index.php\/wp-json\/wp\/v2\/users\/1"}],"replies":[{"embeddable":true,"href":"https:\/\/festinspiration.se\/index.php\/wp-json\/wp\/v2\/comments?post=2"}],"version-history":[{"count":12,"href":"https:\/\/festinspiration.se\/index.php\/wp-json\/wp\/v2\/pages\/2\/revisions"}],"predecessor-version":[{"id":30,"href":"https:\/\/festinspiration.se\/index.php\/wp-json\/wp\/v2\/pages\/2\/revisions\/30"}],"wp:attachment":[{"href":"https:\/\/festinspiration.se\/index.php\/wp-json\/wp\/v2\/media?parent=2"}],"curies":[{"name":"wp","href":"https:\/\/api.w.org\/{rel}","templated":true}]}}